ommon divisor of l and 279?
31
Let y = 377 - 347. Calculate the greatest common divisor of 70 and y.
10
Let b(c) = -c**3 + 11*c**2 - 18*c + 249. Let w be b(11). Let o = 55 - 4. Calculate the highest common factor of o and w.
51
Let y = -6 - -28. Let h be y/99 + 142/9. What is the highest common factor of 8 and h?
8
Suppose 0*i - 10 = -2*i. Suppose 4*b + 2 = 4*x - 2, x + 3*b = 17. Suppose 12 + 0 = 4*s, -x*h = 5*s - 20. Calculate the greatest common factor of i and h.
1
Let i = 51 - 10. Suppose -i + 9 = -4*a. Let o = 25 + -5. Calculate the highest common divisor of a and o.
4
Let w(k) = k**2 - 2*k - 3. Let d be w(3). Let s = d + 3. Let n(m) = m**3 - 2*m**2 + 2*m + 3. Let i be n(s). Calculate the highest common factor of i and 9.
9
Let r = -413 - -493. Calculate the highest common divisor of r and 400.
80
Let a(x) = x**2 + 2*x + 7. Let w be a(-3). Suppose -z - 4*m = -88, 6*z - 3*z = -3*m + 246. Calculate the greatest common factor of w and z.
10
Let n be ((-6)/4)/((-1)/6). Let o = 16 + -7. Suppose -i - o = -3*x, 2*i + 8 = -0*i + 4*x. Calculate the highest common divisor of n and i.
3
Let w be (20/3)/((-2)/(-12)). Let r be 159*1/(-6)*4. Let y = r + 111. Calculate the highest common divisor of w and y.
5
Let n = -71 + 43. Let o be (105/n)/((-6)/64). What is the greatest common factor of o and 5?
5
Suppose 0 = -0*p + 5*p - 5. Let a(g) = -2*g + 2. Let r be a(p). Suppose r = 2*l - l - 14. Calculate the highest common divisor of 7 and l.
7
Let z = -291 - -431. Suppose 5*h - 5*w = -w + z, 4*h - 4*w - 112 = 0. Suppose -b - b = -h. Calculate the highest common divisor of 126 and b.
14
Suppose 16*n - 19*n + 240 = 0. Let c be 9/(-4)*3*n/(-36). Calculate the highest common divisor of c and 5.
5
Let t be ((-4)/3 + -1)*-6. Let a be (-94)/t + (-8)/28. Let j = 18 + a. What is the greatest common divisor of 22 and j?
11
Suppose 2*b - 202 = -4*s - s, 2*s - 3*b = 77. Suppose -3*o = 2*d - 23, d + 5*o - 33 = -2*d. What is the highest common factor of s and d?
8
Let n be ((-35)/(735/36))/(2/(-42)). Calculate the highest common divisor of 1134 and n.
18
Let w(s) = -s**2 + 16. Let i be w(0). Let j = i + 6. Let d be (26 + -3)/(2/j). What is the highest common factor of 23 and d?
23
Suppose i = 3*i - 44. Let u = 5 - 2. Let y be 164/u - 3/(-9). Calculate the greatest common divisor of y and i.
11
Let z(b) be the second derivative of 0*b**2 + 0 - 1/3*b**4 + 1/3*b**3 - 3*b + 1/5*b**5. Let j be z(2). Calculate the greatest common factor of 160 and j.
20
Suppose 3*g + 3*v + 529 = 1975, 1434 = 3*g - 3*v. What is the highest common divisor of g and 150?
30
Let v be -1 + (6/4 - 0)*2. Suppose 0 = v*o - 2, 5*q + 2*o = 127 + 115. Calculate the greatest common divisor of q and 120.
24
Let m(b) = -b**3 - 15*b**2 + 17*b + 90. Let z be m(-16). Calculate the greatest common divisor of 37 and z.
37
Let h = 150 - 25. Let g = h - 77. Suppose -27 = -5*m + g. What is the highest common factor of 15 and m?
15
Let d = 857 - 1271. Let x be d/(2 + -8) + -5. What is the greatest common factor of x and 48?
16
Let f be 40675/325 - 1/((-13)/(-2)). Calculate the greatest common factor of f and 100.
25
Let c(j) = -j**2 + 2*j + 1. Let a be c(4). Suppose 3 = 5*i + z, 3*z = -i - 8 + 3. Let o be (a/3)/(i/(-3)). Calculate the greatest common factor of 56 and o.
7
Let t(d) = d + 8. Let m be t(-9). Let i be ((-8)/2)/(m*2). Suppose -i*q - 202 = -3*w + 62, 176 = 2*w + 4*q. What is the greatest common divisor of 11 and w?
11
Suppose 3*w = 2*t + 3*t - 56, -3*w - 17 = -2*t. What is the greatest common divisor of 5 and t?
1
Suppose -21*s + 120 + 279 = 0. Calculate the greatest common factor of s and 2641.
19
Let z = 200 + -134. Calculate the greatest common factor of z and 726.
66
Let u = -439 - -635. Suppose 0 = -v - 0*v - b + 4, 3*v - 2*b - 12 = 0. Suppose 0 = v*w - 44 - 68. Calculate the highest common divisor of u and w.
28
Suppose 5*a + 6 = 16, -159 = -c + 3*a. What is the greatest common factor of 220 and c?
55
Let m = -1144 + 1269. What is the greatest common factor of 175 and m?
25
Suppose 96*t = 90*t + 276. What is the highest common divisor of t and 713?
23
Suppose 7*i - 24*i = -51. What is the highest common divisor of i and 11?
1
Suppose 0 = 25*j - 30*j + 225. Let h = j - 22. Calculate the greatest common divisor of 69 and h.
23
Let n = -2 + 34. Let c be n*1 + (-40)/(-10). Let t be ((-2)/3)/((-3)/81). Calculate the greatest common divisor of t and c.
18
Suppose -5*f + 5 = 2*a - 3, 0 = 5*f + 4*a - 6. Let o be (62 - f)*(0 - -1). Let r be (-5)/(5/(-1 - 14)). Calculate the greatest common factor of o and r.
15
Let v be (-133)/(-1064) + (-71)/(-8). Suppose 54 = 3*a - a. What is the highest common divisor of a and v?
9
Suppose -741 = 18*n - 37*n. Suppose 3*l + z - 106 = -32, 20 = -5*z. What is the highest common divisor of l and n?
13
Let t = 30 + -16. Suppose -104 = -t*k + 10*k. What is the highest common divisor of 208 and k?
26
Let g = -320 - -326. Let y = -66 + 94. Suppose -g*s + 4*s + 4*f = -y, -5*s - 3*f = -122. Calculate the greatest common factor of s and 88.
22
Suppose -47 = -9*f + 34. Let w = 5 + -4. What is the greatest common divisor of f and w?
1
Suppose 0 = -v - 17 + 19. Suppose 3*t + 3 = 0, -4*x + 47 = -t - v*t. Let r(d) = -54*d**3 + d**2. Let g be r(-1). What is the greatest common factor of x and g?
11
Suppose p + 23 = -2*p - 5*u, -5*p - 4*u = 47. Let x(g) = g**3 + 13*g**2 + 17*g + 11. Let i be x(p). What is the highest common divisor of i and 6?
6
Let l(h) = -13*h - 2. Let q be l(-1). Let y be (34 - 4/4)*(q - 2). What is the greatest common factor of y and 27?
27
Let i be (-6)/4*(-47064)/666. What is the greatest common factor of i and 689?
53
Let q(z) = -16*z + 164. Let p be q(-11). What is the greatest common factor of p and 544?
68
Let u(m) = m**2 + 29*m + 1. Let z(h) = h - 2. Let q(s) = -u(s) + 2*z(s). Let n be q(-10). What is the greatest common divisor of n and 30?
15
Let m = -6 + 11. Suppose -147 = 6*h - 507. Suppose n = m*n - h. Calculate the greatest common divisor of 75 and n.
15
Let o(q) = q + 13. Let v be o(-9). Let r be (-1944)/(-42) - v/14. Let u = r - -35. Calculate the greatest common factor of u and 9.
9
Suppose -15*b + 697 = -1238. Calculate the greatest common factor of b and 3.
3
Let k = 936 + -260. Calculate the greatest common divisor of 104 and k.
52
Suppose -2*t = -2*h + 244, t + 614 - 12 = 5*h. Calculate the greatest common divisor of 192 and h.
24
Suppose -9*v - 1320 = -39*v. Let u(b) = -33*b**3 - b - 1. Let p be u(-1). Calculate the greatest common divisor of p and v.
11
Let o(i) = -i**3 - 5*i**2. Let h be o(-3). Let l = 91 + -54. Let r = l + h. Calculate the highest common factor of r and 19.
19
Let s be 3/(-12)*2 - (-290)/4. Calculate the highest common factor of 18 and s.
18
Suppose 564 = -53*a + 1836. Calculate the highest common factor of a and 174.
6
Suppose 85 = 5*a - 85. Suppose 82 + 44 = 5*l + n, -2*n = -l + a. Calculate the highest common divisor of 26 and l.
26
Suppose -11*z + 19*z - 1680 = 0. What is the greatest common divisor of z and 240?
30
Suppose -5*l - o = -555, -2*o + 161 = 2*l - 53. Let j(g) = g + 15*g**2 + 4 + 2*g - 3 - g. Let x be j(-1). Calculate the greatest common factor of l and x.
14
Let v be -81 + (30/20)/((-1)/(-2)). Let w be 10/8*v/(-65)*2. Let c = -9 + 27. What is the highest common factor of c and w?
3
Let h = 131 + -81. Let u = 23 + -13. Calculate the greatest common factor of u and h.
10
Suppose i + 3*x - 56 = 0, 3*x - x = -i + 52. Let v be ((-66)/(-4)*(-12)/(-18))/1. Calculate the highest common divisor of i and v.
11
Let t be (-5)/(9/(-4) + 2). Calculate the greatest common factor of 1260 and t.
20
Let m(g) = g**2 + 2*g + 6. Let p be m(0). Let s be (132/(-55))/(p/(-80)). Suppose 4*y = 8*y - s. Calculate the greatest common factor of 20 and y.
4
Let d be (-3)/18 + 27712/384. Calculate the greatest common factor of 72 and d.
72
Suppose -5*m + 15 = -l - 7, 26 = 5*m - 3*l. Suppose 10*y - 9*y + 6 = 0. Let w be y*((-8)/3)/m. Calculate the highest common divisor of 4 and w.
4
Let a be 7/(28/(-8)) - (-3905)/5. Calculate the greatest common divisor of a and 19.
19
Let g be (-18)/90*1 - (-16822)/10. Calculate the greatest common factor of 116 and g.
58
Suppose -23 = 13*h - 14*h + 2*f, h = -3*f - 2. What is the greatest common divisor